84 + k. Is m prime?
False
Let y(n) = -3*n + 8*n**2 + 4*n**2 + 189 - 190. Let m = -6 + 10. Is y(m) a composite number?
False
Suppose 0 = -6*x + 5*x + 384. Suppose -x = -r + 471. Suppose k - 3*v = -v + r, -3*k - 5*v + 2620 = 0. Is k composite?
True
Let q(h) = 2346*h - 1. Is q(4) a prime number?
False
Let l(c) = 636*c**2 + 9*c + 1. Is l(4) a composite number?
True
Let y be (-232)/3*(-9)/4. Suppose -4*n = -y - 3382. Is n a prime number?
False
Let s(u) be the second derivative of u**5/20 + 5*u**4/4 - u**3 + 19*u**2/2 - 12*u. Is s(-14) a composite number?
True
Let y(r) = 3*r**2 + 11*r - 17. Let c be y(-12). Suppose 5*o + 20 = 0, -3*g = o - c - 178. Is g a composite number?
True
Let t(j) = -j**3 + 9*j**2 + 10*j - 17. Let a be t(8). Is (8 - 5) + 2*a prime?
True
Suppose -5*y = 4*d - 19, 3*y - 8 = 6*d - 5*d. Let o(l) be the third derivative of l**5/10 - l**4/12 - l**3/6 + l**2. Is o(y) prime?
True
Suppose 6*b + 2631 = -4359. Let l = b + 1916. Is l composite?
False
Suppose 133*t - 131*t = 16. Suppose 3754 = t*k + 146. Is k prime?
False
Let v = 468 + -666. Let j = 689 + v. Is j a prime number?
True
Let f = 54 - 50. Suppose -f*r = -r - 423. Is r composite?
True
Let v(b) = 2*b - 12. Let o be v(8). Suppose -3*c + 764 = 5*y - 3*y, -o*y = 2*c - 1520. Is y a composite number?
False
Let r(f) = 23*f**2 + 19*f - 19. Is r(-14) a prime number?
False
Suppose l + 3*z = 7*z + 5021, z + 10063 = 2*l. Is l composite?
True
Let y be (0 - 3)*28/12. Let b(d) = d**2 + 9*d + 16. Let c be b(y). Suppose 4*k - 5*s = c*k + 83, -4 = 4*s. Is k a composite number?
True
Let i = -16615 - -8629. Let f = -3545 - i. Is f a prime number?
True
Let u(s) = -319*s + 36. Is u(-15) a prime number?
False
Let w be 70/(-15) + 4 - (-34)/6. Suppose 0 = w*g - 7*g + 1294. Is g prime?
True
Let r = -17 - -21. Suppose -r*v + 4*k + 496 = 0, 2*v + 0*k = 4*k + 242. Is v a prime number?
True
Let n = 14 - 12. Suppose -k - n = -24. Is k + -1 + 1/1 a prime number?
False
Let v(i) = -i**2 + 9*i + 7. Let d be v(9). Is 314 - d/((-35)/15) a composite number?
False
Let p(a) = 102*a**2 + 19*a + 3. Is p(-8) composite?
False
Let d = -4068 + 6989. Is d a prime number?
False
Let j(r) = -2534*r + 153. Is j(-2) a prime number?
False
Suppose q = 9*q - 17192. Is q composite?
True
Let q(i) = 264*i + 79. Is q(5) prime?
True
Suppose 6*x = -1203 + 14661. Is x a composite number?
False
Let k(x) = 57*x**2 + 55*x - 51. Is k(-11) a composite number?
True
Is ((-195)/(-40) - 5)*-152248 composite?
False
Suppose 4*r - 2*m - 42596 = 0, -14*m + 10*m = -16. Is r prime?
True
Suppose 7*q = -5 + 33. Suppose -c - 4 = 0, q*w - 3*c + 204 = 772. Is w prime?
True
Let v(g) = 89 - 37 - 29 - 36 - 10*g. Let h(d) = -3*d - 2. Let m be h(2). Is v(m) a composite number?
False
Let m = 785 - 126. Is m a prime number?
True
Let h = 100 + -67. Suppose -2*v + 3*n + 24 = 0, 3*v = 5*n - 2*n + h. Is (261/6)/(v/12) a prime number?
False
Let i = 125 - 120. Suppose 5*s + 0*t - 3242 = -3*t, -4*s - i*t = -2591. Is s prime?
False
Suppose 4317 = x - 4826. Is x a composite number?
True
Let h(p) = 6349*p**2 - 4*p + 42. Is h(5) a composite number?
False
Suppose 5*k = 313 + 5097. Is k composite?
True
Suppose 3 = -h + 8. Suppose h*a - 7 = 23. Suppose 0 = a*q - 1204 - 2822. Is q prime?
False
Let y = 1 - 1. Let i(j) = -j**3 - 8*j**2 - 11*j + 6. Let t be i(-6). Suppose t = -p - y*p + 109. Is p a composite number?
False
Let z = 3 - -321. Suppose -303 = -3*q + z. Is q composite?
True
Let h = -6669 + 12736. Is h prime?
True
Suppose -4*y + 9*y - 20 = 0. Suppose -2*q + 3*l + 350 = -q, -y*q - 4*l + 1480 = 0. Suppose 5*f - q = -3*w + 2*w, f + 2*w = 64. Is f a prime number?
False
Suppose 0 = -11*n + 7*n + 48. Is (n*-31 - 2)/((-8)/4) a composite number?
True
Let s(n) = -178*n + 13. Let v be (-2)/(-6) - (-44)/(-6). Is s(v) prime?
True
Let h(l) = l**3 + 4*l**2 - 6*l - 4. Let o be h(-4). Suppose -5*y = 4*u + o, 2*u - u + y = -4. Suppose 3*r - 2865 = -u*r. Is r composite?
True
Let l be (3 - 1)*66/3. Suppose 0 = 2*c - o - l, -3*o = -0*c + c - 22. Is c prime?
False
Let j(f) = -f - 5. Let r be j(-5). Suppose r = -4*h + 4*t + 8, -h + t = 2*h - 2. Suppose h = -5*y - 26 + 411. Is y a composite number?
True
Let z(f) = 25 + f + 0*f**3 + 480*f**2 - 3*f**3 - 481*f**2. Is z(-6) composite?
False
Let z be (-4)/(-10) - 40/(-25). Suppose 0 = -r - z, 2*l - 662 = -0*l + 2*r. Is l prime?
False
Let x = 241660 - 127911. Is x a prime number?
True
Is 54354/13 + 4/(-52) a prime number?
False
Let l = 1518 - -259. Is l a prime number?
True
Suppose -3*c = -3*k - 3732, -4*c - 3*k - 2209 = -7220. Is c composite?
False
Suppose -4*s = -4*r - 5128, r - 1 = -3. Let w = s + -697. Is w prime?
False
Let t = 45 - 29. Suppose -2*i = -3*z + t, 6*z - 2*z + i = 3. Is 58/4*(z + 12) a prime number?
False
Suppose -z + 0*z + 5*y + 103 = 0, -2*z - 4*y = -248. Let n = -307 + z. Let f = n - -412. Is f a composite number?
False
Suppose -3*f + h + 13 = 0, 0 = -3*f - h + 11. Suppose 8*u - f = 6*u. Suppose 4*o + o - 178 = -u*z, -5*o - 292 = -3*z. Is z a composite number?
True
Suppose 556 = 5*n + 2*q, -5*n - 5*q + 500 = -50. Let j = n + -497. Let i = 570 + j. Is i prime?
False
Suppose 1971 + 1010 = 4*k - 5*b, 714 = k + 5*b. Is k composite?
False
Suppose 3*w - 260 = -5*n - 2*w, -2*n = -2*w - 88. Suppose 0*t - 2*t = n. Is (28 - -1) + t/8 prime?
False
Let f(c) = -43*c - 16. Is f(-9) composite?
True
Let v be (-3123)/(-15) + 4/(-20). Let r(u) = -2*u**2 + u + 2. Let a be r(-5). Let o = a + v. Is o a composite number?
True
Let b(v) = 473*v + 148. Is b(23) a composite number?
False
Suppose 5*f - 56 = -b, -b = 4*f + 17 - 68. Suppose -2*o = 3*i + i - 20, o - b = 5*i. Let g = o + 39. Is g prime?
False
Let h = -675 + 132. Let f = -224 - h. Suppose -1 = 2*s + 5, 0 = u - 4*s - f. Is u composite?
False
Suppose 2*y + 5*l = y + 7, -5*y - l + 11 = 0. Let r(p) = 185*p**2 + 9*p + 3. Is r(y) a prime number?
True
Let j = 87484 - 50511. Is j prime?
True
Let b(k) = -k**3 + 26*k**2 + 13*k - 19. Is b(16) prime?
True
Is (3384 - -1) + (-7 - -11) a composite number?
False
Let c(w) = -3*w - 4. Let h be c(-2). Suppose h*i = 2 + 2. Suppose 3*t + 3 = 0, 2*k - 4*k + 432 = i*t. Is k a composite number?
True
Let t be 3 - 6 - 1 - 928. Let n = t + 2185. Is n composite?
True
Let g(z) = 7*z**3 - 3*z**2 - 2*z + 7. Let d be 9 - (-3)/((-3)/3). Is g(d) a prime number?
True
Is (51695/(-2))/(-5) - 330/132 a composite number?
False
Let d(i) = -i**3 + 8*i**2 + i - 3. Let c(g) = -2*g - 12. Let b be c(-10). Let t be d(b). Suppose 0 = t*o - 0*o - 415. Is o a composite number?
False
Suppose -312 = -3*y - 5*w, -2*y + 2*w + 59 = -165. Suppose 3*d - 146 = y. Is d a prime number?
False
Let o(k) = -13*k + 3. Suppose -3*j = 5*b + 13, -4*b + 0*j - 4*j - 4 = 0. Let a be o(b). Suppose -3*c = -4*r - 237, 7*r = c + 2*r - a. Is c a prime number?
True
Let z = 17297 + -10660. Is z composite?
False
Let d be (-7)/(21/(-6)) - 2. Suppose d = -2*y - 4*w + 1087 - 93, -4*y - 5*w + 1973 = 0. Is y prime?
True
Let s = -1587 - -6854. Is s a composite number?
True
Let j(f) = -3*f + 5. Let h be j(6). Let x = 17 + h. Suppose 381 = x*k - k. Is k a prime number?
True
Suppose 4*w + 5*n = 1 + 22, 0 = 4*w + n - 11. Suppose 0 = w*p - 5*t + t - 170, -5*p - t = -458. Is p a prime number?
False
Let t(o) = -o**2 - 5*o - 1. Let h be t(-4). Let j be ((-2)/h)/((-12)/2610). Suppose -j = -4*v + 3*v. Is v prime?
False
Suppose 2*a = a - 4*w - 8, 0 = -2*w - 6. Suppose -a*u = -1199 - 429. Is u a prime number?
False
Let t(s) = s**3 - 5*s**2 - 6*s + 2. Let y be t(6). Suppose -3*k - 28 = -y*h - 157, 0 = 5*h. Is k a prime number?
True
Let j(c) = c**3 + 2*c**2 - 7*c + 9. Let u(a) = a**2 - 3*a - 5. Let x be u(5). Is j(x) a prime number?
True
Suppose -104 = 3*k + k + 5*z, -3*k - 78 = 5*z. Suppose -2*i = i + 441. Let d = k - i. Is d composite?
True
Let g = -5 - -1. Let h(z) = -245*z - 1. Is h(g) composite?
True
Suppose 368 = 2*m - 990. Is m a prime number?
False
Suppose 0*x + 2*x - 4*l - 6 = 0, 0 = -3*l. Suppose x*f + f - 5000 = 0. Suppose k - 6*k + f = -r, 3*r = k - 236. Is k a prime number?
True
Suppose 0 = -3*b - b + 17540. Is b prime?
False
Let u be (-28594)/87*((-1)/(-1) + -4). Is u - -1 - -1 - (-2 + 1) a composite number?
True
Suppose -3*z = -3*c - 13185, 0 = 27*z - 23*z - 5*c - 17584. Is z prime?
True
Suppose 5*r = -5, p + 2*r = 6*p - 97.